 base 12, what is -1 - -7a?
79
In base 6, what is 202 + -2?
200
In base 7, what is 121253 - 1?
121252
In base 3, what is 102 + -1220?
-1111
In base 4, what is -23002 + 0?
-23002
In base 4, what is 120233 - -12?
120311
In base 12, what is 46 - -13?
59
In base 11, what is -336 + 15?
-321
In base 7, what is -444 + -3?
-450
In base 6, what is 414 + -11?
403
In base 14, what is -4 + 9c?
98
In base 16, what is -22d4 + -3?
-22d7
In base 3, what is -11 + -202002?
-202020
In base 9, what is 333 + 2?
335
In base 11, what is -1273 - 0?
-1273
In base 12, what is 66a + 0?
66a
In base 8, what is 2401 + 2?
2403
In base 2, what is 1000 - -100100?
101100
In base 6, what is -502 + 4?
-454
In base 16, what is -12 + 3?
-f
In base 6, what is 52531 - -5?
52540
In base 6, what is 5 - 20142?
-20133
In base 6, what is 43402 + 3?
43405
In base 9, what is 5 + -261?
-255
In base 11, what is -2 - -5?
3
In base 4, what is -10 + 1320?
1310
In base 3, what is 12212011 + 1?
12212012
In base 15, what is -1a - -12b?
111
In base 3, what is 1 + 22122?
22200
In base 15, what is 3ab0 - -4?
3ab4
In base 4, what is 1321 + 11?
1332
In base 4, what is -1230 - -113?
-1111
In base 15, what is -5 + -42?
-47
In base 6, what is -1 + -3315?
-3320
In base 14, what is 885 + 3?
888
In base 9, what is 1 + 167?
168
In base 3, what is 10 - -1011?
1021
In base 12, what is -8 - -15?
9
In base 7, what is -10321 + 2?
-10316
In base 9, what is 2 - 2262?
-2260
In base 14, what is -53 + 1?
-52
In base 6, what is 4 + -45?
-41
In base 15, what is 4e + d?
5c
In base 13, what is 0 + 863?
863
In base 16, what is -b - 7?
-12
In base 16, what is -f + -26?
-35
In base 2, what is 0 + -100001011?
-100001011
In base 14, what is 26 - b?
19
In base 3, what is 20222 - -22?
21021
In base 14, what is 1 + 47c?
47d
In base 15, what is 11 - 4?
c
In base 12, what is 3 - 1a6?
-1a3
In base 6, what is 3 - 21?
-14
In base 11, what is 40 + 7?
47
In base 12, what is 490 + -28?
464
In base 3, what is -22011201 + -10?
-22011211
In base 4, what is 112033 + 10?
112103
In base 4, what is 3 - -1222?
1231
In base 15, what is -3 + -289?
-28c
In base 11, what is 1 - -2028?
2029
In base 7, what is -4 - 6631?
-6635
In base 7, what is 12 + 14?
26
In base 8, what is -746 + 0?
-746
In base 10, what is -5 - -469?
464
In base 15, what is -ac4 + -4?
-ac8
In base 7, what is -5 - 121?
-126
In base 9, what is 64 - 67?
-3
In base 8, what is -134 + 2?
-132
In base 2, what is 1100 - 100010?
-10110
In base 11, what is -283 - 2?
-285
In base 12, what is -3 + 41b?
418
In base 11, what is 2 - 34?
-32
In base 16, what is -8d + 2?
-8b
In base 3, what is -1 - 201201?
-201202
In base 14, what is c6 + -3?
c3
In base 16, what is b - 3fb?
-3f0
In base 12, what is -2 - 92?
-94
In base 12, what is 1 - 91a?
-919
In base 3, what is -1 - 12222?
-20000
In base 16, what is -1bc + -5?
-1c1
In base 16, what is -9 + -714?
-71d
In base 7, what is -564 + -4?
-601
In base 2, what is 11 + -100010100?
-100010001
In base 8, what is 2 + -11021?
-11017
In base 16, what is -15a + -f?
-169
In base 9, what is 10 + -553?
-543
In base 12, what is -627 - 5?
-630
In base 10, what is -14 - 25?
-39
In base 11, what is -22 + 7?
-16
In base 2, what is -10011 + 1010000100?
1001110001
In base 13, what is -89 + 49?
-40
In base 15, what is 84 - -3?
87
In base 11, what is -1 + 78?
77
In base 8, what is 14442 + 2?
14444
In base 5, what is -444 + 1?
-443
In base 9, what is -534 - 33?
-567
In base 8, what is 127 - 1?
126
In base 4, what is -11011 + -1?
-11012
In base 16, what is -8 + 62?
5a
In base 3, what is -12201 + -12?
-12220
In base 4, what is -2 + -11001?
-11003
In base 11, what is 2 + -76?
-74
In base 8, what is 0 - 4473?
-4473
In base 6, what is 32453 + 5?
32502
In base 13, what is -251 - 2?
-253
In base 14, what is 12 + -c3?
-b1
In base 16, what is -44e + 3?
-44b
In base 9, what is 46 - -7?
54
In base 13, what is -1 - 6?
-7
In base 3, what is 2 - -2112?
2121
In base 12, what is 0 + -10a?
-10a
In base 16, what is -2e + 8?
-26
In base 14, what is -3 + 16?
13
In base 4, what is -3 + -120?
-123
In base 12, what is 114 - -4?
118
In base 15, what is 1b7 + -5?
1b2
In base 15, what is -44 - -51?
c
In base 10, what is 9 + 2740?
2749
In base 4, what is -112303 - 10?
-112313
In base 9, what is 102 + -10?
82
In base 15, what is 5e + -3e?
20
In base 12, what is -1769 + -3?
-1770
In base 16, what is -1 + -bc9?
-bca
In base 3, what is 0 - 12002202?
-12002202
In base 16, what is 4 - -46?
4a
In base 12, what is -15a + -28?
-186
In base 4, what is -2312033 - -1?
-2312032
In base 7, what is -14 + 22?
5
In base 3, what is -11200 - 12?
-11212
In base 4, what is -2 + -3001?
-3003
In base 3, what is -121 + 20122?
20001
In base 12, what is -19 - 4b?
-68
In base 15, what is 2 + 4?
6
In base 14, what is 1 + 1837?
1838
In base 14, what is 6 - 25?
-1d
In base 6, what is -4224 + -4?
-4232
In base 9, what is -10 + 21?
11
In base 9, what is -71 + 15?
-55
In base 16, what is 2 - 3c3?
-3c1
In base 2, what is -100000010 + 101?
-11111101
In base 10, what is -120 - 76?
-196
In base 2, what is -11011101 - 1?
-11011110
In base 6, what is 3543 + -3?
3540
In base 6, what is 403 - 21?
342
In base 10, what is -430 - -5?
-425
In base 8, what is -3 - -17?
14
In base 3, what is 12 - 2200?
-2111
In base 4, what is -3 + 231?
222
In base 9, what is -1186 + -5?
-1202
In base 4, what is 0 - -3230?
3230
In base 7, what is -102 - 12?
-114
In base 9, what is 10 - -104?
114
In base 2, what is -1010001110000 - 1?
-1010001110001
In base 13, what is c3 + 5?
c8
In base 5, what is 10 - 1214?
-1204
In base 5, what is 13241 - -2?
13243
In base 8, what is 0 - -4337?
4337
In base 6, what is 4 - 240?
-232
In base 2, what is 11111 - 101?
11010
In base 2, what is 1000111100 - 10?
1000111010
In base 15, what is 34 - 2?
32
In base 11, what is -126a + 3?
-1267
In base 13, what is -1a4 - 4?
-1a8
In base 12, what is -1 - 113?
-114
In base 11, what is 51 - -4?
55
In base 11, what is 2 - 56?
-54
In base 5, what is 1131 - 1?
1130
In base 5, what is -113213 - -3?
-113210
In base 15, what is 16a + 4?
16e
In base 15, what is 111b - -5?
1121
In base 9, what is 126 + -6?
120
In base 8, what is -27 + -174?
-223
In base 6, what is -5 - 451?
-500
In base 4, what is -3 - -33320?
33311
In base 7, what is 133 - -65?
231
In base 16, what is c5 - -93?
158
In base 7, what is 211036 + -4?
211032
In base 8, what is 1 - -64?
65
In base 2, what is -101 - -1000?
11
In base 8, what is -46701 - 4?
-46705
In base 14, what is -1 + 18?
17
In base 9, what is 106 + 2?
108
In base 5, what is -4 - -10010?
10001
In base 15, what is -1c + 20e?
1e2
In base 10, what is 63 + -7?
56
In base 7, what is 3 + 400?
403
In base 10, what is 5 - -283?
288
In base 12, what is 69 - 22?
47
In base 8, what is -663 - 1?
-664
In base 6, what is -2 - -350?
344
In base 15, what is -1 - 3?
-4
In base 15, what is 10 + 21?
31
In base 4, what is 10 - 2130?
-2120
In base 11, what is -4 - 738?
-741
In base 14, what is -1 + 1281?
1280
In base 3, what is 101 + 12111?
12212
In base 14, what is 20a9 - 5?
20a4
In base 13, what is 506 + 3?
509
In base 2, what is 100110 + 11000010?
11101000
In base 6, what is 155 + 320?
515
In base 3, what is -22 - -1100?
1001
In base 8, what is 4 - 731?
-725
In base 7, what is 4 - -126?
133
In base 14, what is -5b + -2?
-5d
In base 2, what is -111100 + 1011?
-110001
In base 12, what is 5 - -b?
14
In base 6, what is 153344 + 0?
153344
In base 8, what is 17 + 3?
22
In base 3, what is 11 + -1112?
-1101
In base 10, what is 3 - 564?
-561
In base 11, what is -31 + 8?
-24
In base 5, what is -2 - 1420?
-1422
In base 3, what is -102 + -22?
-201
In base 4, what is -233 - 3?
-302
In base 10, what is -4649 - 3?
-4652
In base 10, what is 5 - -111?
116
In base 14, what is -3 + 8?
5
In base 8, what is -23 - 4?
-27
In base 6, what is -12500 + 0?
-12500
In base 16, what is -4 - f8?
-fc
In base 9, what is -740 - 4?
-744
In base 2, what is 100010 - 1000010?
-100000
In base 12, what is 3095 + -4?
3091
In base 3, what is -11 + -2112?
-2200
In base 14, what is 2889 - -5?
2890
In base 14, what is -2 + 79a?
798
In base 6, what is 12430 + -2?
12424
In base 15, what is 15ca + -1?
15c9
In base 13, what is 263 - -2?
265
In base 5, what is -112 + 143?
31
In base 10, what is -281 + -4?
-285
In base 16, what is -1c 